2 - 4*u + 4. Let p be d(4). Let q be 2*((-6)/p - -1). Calculate i(q).
0
Suppose 11 = 3*p - 16. Let q(r) = 2*r - 13. Give q(p).
5
Let b(x) = -x + 2. Let m(k) = -k**3 + 9*k**2 - 9*k + 5. Let v be m(8). Let q be -1*v/(6/8). Determine b(q).
-2
Suppose 5*b = -5, 4*k + b = -0 + 15. Suppose 0 = -2*j + k*f + 22, j + 3*f + 2 = -7. Let l(a) = -a**2 - 1 + 2 + 0*a**j - 3*a - 2*a**2 + a**3. Determine l(4).
5
Let z(k) = -8*k - 1. Let c be ((-5)/((-35)/(-7)))/((-1)/1). Give z(c).
-9
Let x(z) = 4*z**2 - 1. Suppose -2 = -2*o + 3*o, -5*o = -f. Let y = 9 + f. Determine x(y).
3
Let n = 60 + -59. Let q(p) = -7*p - 1. Calculate q(n).
-8
Let h(o) = o**3 - o**2 + 3*o + 5. Let l(w) = 2*w**3 - w**2 + 6*w + 9. Let c(n) = -11*h(n) + 6*l(n). Let j be c(-4). Let b(u) = -u**2 + 3*u + 4. Determine b(j).
4
Let q(i) = -i**3 + 9*i**2 - 8*i + 8. Let c be q(8). Let z be 14/6 + 2/3. Suppose 6*v - 2*v = -p - 14, 0 = -z*v - 2*p - c. Let l(d) = d - 4. Determine l(v).
-8
Let d(a) = a**2 + 7*a + 1. Suppose 0 = -5*h - g - 26 - 3, -1 = -g. What is d(h)?
-5
Suppose 2*f = 7 - 15. Let l(p) = -p**3 - 5*p**2 - 5*p + 4. What is l(f)?
8
Let g(u) = u - 2*u + 2*u + 4 + 3*u. Let t(f) = -5*f - 5. Let o(c) = -4*g(c) - 3*t(c). What is o(4)?
-5
Let g(h) = -h**3 - h + 9. Let l be ((0 - 0)*1)/(-2). Calculate g(l).
9
Suppose 6 + 1 = o. Let w(a) = -a**2 + 7*a - 6. What is w(o)?
-6
Suppose 0 = -3*c + j - 3, -3*c - 3 = -j + 4*j. Let u(f) be the first derivative of 0*f**3 - f + 1 - f**2 + 7/4*f**4. Determine u(c).
-6
Let g(a) = -a**2 - 4*a + 3. Suppose 0 = 13*b - 15*b + 4. Calculate g(b).
-9
Let h(g) = -g**3 + 5*g**2 - 6*g + 3. Suppose 4*a + 2*q = -a + 12, 2*a = -q + 4. Let u be h(a). Let f(s) = -s**2 - 4*s + 1. Calculate f(u).
-4
Let f(m) = -14*m**2 - 5*m + 21. Let u(v) = -5*v**2 - 2*v + 7. Let h(z) = 4*f(z) - 11*u(z). Determine h(5).
-8
Let o be (-1 - 0)/(4/(-12)). Let u(p) = 3*p + 5*p**3 - p**2 + 1 - o - 4*p**3. Let k = -233 - -235. Determine u(k).
8
Let y(u) = -19 + 29 + 2*u - 13. Suppose 3*g + 13 - 1 = 3*x, 5*x - 3*g - 16 = 0. Determine y(x).
1
Let z(c) = -8*c**3 - c**2 - c. Suppose -3*n = -8*n. Suppose -3*o + 3*g - g = 0, -2*o + g = n. Suppose o = -2*y + 3*y + 1. Determine z(y).
8
Let u = -158 - -161. Let h(g) = -g - 1. Let k(i) = i**3 - 4*i**2 - 2*i + 2. Let a be (1 - (-1 - -1)) + 0. Let x(f) = a*k(f) - 2*h(f). What is x(u)?
-5
Let s be -1 + (3 - (-4)/(-2)). Let d = s - 1. Let z(q) = 7*q**2 - q. What is z(d)?
8
Let z(r) = r + 1. Let l be (2/(-1))/(-2) - -13. Let p(f) = -6*f - 11. Let n(g) = l*z(g) + 2*p(g). Determine n(7).
6
Let n(t) be the first derivative of t**4/4 + t**3 - 3*t**2 - 5*t + 8. Suppose 5*y = 3*d + 67 - 22, 0 = 2*y + d - 7. Let r = -10 + y. What is n(r)?
3
Let v(g) = -g**2 + 2*g + 4. Suppose 3*c = -c + 80. Let a be 5 - 5/(c/8). What is v(a)?
1
Suppose -r - 2*w - 4 = -3*w, 3*w + 3 = 0. Let j = r - -7. Let f = j - 0. Let b(n) = -n**3 + 3*n**2 - 3*n + 1. Determine b(f).
-1
Let h = -24 + 30. Let l(t) = t**2 - 10*t + 7. What is l(h)?
-17
Let z(c) be the first derivative of c**3 + c**2 - c - 4. Give z(1).
4
Let w = -7 - -9. Suppose -6 = -4*f + 14. Suppose w*m = 3*z + 14, -3*z = 5*m + f + 2. Let h(k) = -9*k**2 - k + 1. Determine h(m).
-9
Let u(n) = n**3 + 2*n**2 - 2*n + 3. Let w = -30 - -32. Determine u(w).
15
Let z(o) be the first derivative of -4*o**3/3 - o**2/2 + o + 2. What is z(1)?
-4
Let c(m) = m**2 - 6 + 9*m + 5 - 17*m. Determine c(7).
-8
Suppose -3*r = -2*j, 0 = -2*j + 5*r - 0*r - 4. Let l(y) be the first derivative of 0 - j*y - 2 - y**2 + 2*y. Give l(2).
-5
Let u(g) be the first derivative of -g**2/2 + 7*g + 45. What is u(9)?
-2
Let r(w) = 3*w - 9. Let z(k) = 10*k - 28. Let v(f) = -7*r(f) + 2*z(f). Calculate v(6).
1
Let z(v) = -v + 5*v - v - 2*v - 1. Give z(-6).
-7
Let i(z) = 7*z**2 - 9*z + 14. Suppose 5 = 2*j - 3. Let w(q) = -3*q**2 + 4*q - 7. Let c(f) = j*i(f) + 9*w(f). Give c(0).
-7
Let i(y) = 6*y + 6. Let c(w) = 5*w + 6. Let o(g) = 7*c(g) - 6*i(g). Determine o(0).
6
Suppose -2*w = w + 3. Let l be (3 + w)*(-1)/2. Let b(i) = -3*i**3 - 2*i**2 - 2*i - 1. Calculate b(l).
2
Suppose 5*b = 3*t - 0 + 1, -2*b + 5*t = 11. Let x(y) = -13*y**2 + 11*y**b - 7*y + 3*y. What is x(-3)?
-6
Let m(s) be the third derivative of s**5/60 + s**4/8 + s**3/3 + 3*s**2. Let l(p) be the first derivative of m(p). Give l(-4).
-5
Let q be ((-12)/(-15))/(6/(-75)). Let z = 8 + q. Let i(c) be the second derivative of c**5/20 + c**4/4 + c**3/3 - c**2 - c. Determine i(z).
-2
Let z(k) = -k + 8. Suppose -3 = 2*h - 5. Suppose 4*x = 5*j - h, x = -3*j + 2 + 2. Suppose -13 = -5*b + 3*a, 0 = -b - 0*a + a + x. Calculate z(b).
3
Let m(r) = -r + 1. Let h(s) = -s**3 - 5*s**2 - 5*s + 8. Let c(q) = -h(q) + 5*m(q). Let y(l) = -42*l**2. Let p be y(-1). Let n be p/8 + 1/4. What is c(n)?
-3
Let t(u) = u**3 + 11*u**2 + 17*u + 10. Let w(k) = -k**3 - 11*k**2 - 18*k - 11. Let p(c) = -7*t(c) - 6*w(c). Calculate p(-10).
6
Let o(n) = -n - 3. Let p(b) = b + 3. Let x(f) = -4*o(f) - 3*p(f). Give x(-2).
1
Let m(j) = -14*j**2 + 2. Let h(n) be the first derivative of -7*n**3/3 + n - 4. Let p(q) = -13*h(q) + 6*m(q). Give p(1).
6
Suppose y - 5 = -u, -2*u - 15 = -3*y + 3*u. Let o(j) = 3*j - 2. Give o(y).
13
Let u(r) = 4*r + 4. Let l(i) = 4*i + 5. Let z(s) = -5*l(s) + 6*u(s). Calculate z(-2).
-9
Let x be (-396)/(-88)*(-4)/(-6). Let h(p) be the first derivative of p**3/3 - p**2 + p - 1. Determine h(x).
4
Let h(p) be the first derivative of -p**2/2 - 3*p + 18. What is h(0)?
-3
Let u(z) = 6*z. Let y be ((-1)/1)/(6 + -7). Let x = -4 + y. Let h be (-24)/(-15) - x/(-5). What is u(h)?
6
Let b(f) = -f**3 + 3*f**2 + 4*f + 2. Let t(o) = -o + 11 + o - o + 2*o. Let h be t(-7). Calculate b(h).
2
Let x(j) = -10*j**2 - 18*j - 22. Let u(v) = 3*v**2 + 6*v + 7. Let b = -8 + 10. Let o(r) = b*x(r) + 7*u(r). Determine o(-6).
5
Let h(s) = -s**3 - 6*s**2 - 5*s - 1. Suppose 5*c = -32 + 7. Let p be h(c). Let n(r) = -9*r**2 + 1. Give n(p).
-8
Let b = -2 + 4. Let z(i) = 3*i**3 + 0*i**3 - 1 - i + b*i**2 + 2*i**2 - 2*i**2. What is z(-2)?
-15
Let q(a) = 3*a**3 + 6 + 15*a - 15*a**2 - 5 + 1. Let t(f) = -2*f**3 + 8*f**2 - 8*f - 1. Let l(u) = -3*q(u) - 5*t(u). What is l(-6)?
-7
Let u(g) be the second derivative of g**7/315 - g**6/720 + 5*g**4/12 + 6*g. Let d(r) be the third derivative of u(r). Calculate d(1).
7
Let g(p) = 8*p + 50. Let l(m) = 3*m + 17. Let q(a) = 5*g(a) - 14*l(a). Give q(10).
-8
Let j(f) = 2*f + 4. Let h be 1 - 1 - 28/(-7). What is j(h)?
12
Let z(v) = v**3 - 4*v**2 - v + 3. Suppose 0 = s - 109 + 106. Give z(s).
-9
Let h(t) be the second derivative of -t**7/840 - t**6/120 - t**5/40 + t**4/8 + 5*t**3/6 + 5*t. Let n(v) be the second derivative of h(v). Calculate n(-3).
12
Let k(p) = p**2 + 2*p - 4. Let w(d) = 4*d**2 + d. Let y be w(1). Suppose 4*i - 92 = -y*f, -3*f + 73 = f + 3*i. Suppose 8*g + f = 4*g. Give k(g).
4
Let j(d) = d**2 + 5*d - 5. Suppose 2*p + 3*p + 30 = 0. Let a be j(p). Let n(w) be the second derivative of w**3/2 - 2*w. What is n(a)?
3
Let o = 328 - 330. Let z(c) = -2*c**2 + 1 - 2 - 3*c + 0*c**2. What is z(o)?
-3
Let k be 6/(-6) - -1*2. Let f(j) = 4*j**2 + j. Determine f(k).
5
Let n be (-42)/54 - (-4)/(-18). Let s(k) = 9*k**3 - k. Give s(n).
-8
Let p(a) = a**3 - 6*a**2 - 7*a - 5. Let z be p(7). Let t(o) = -o**3 - 6*o**2 - 3*o + 5. Give t(z).
-5
Suppose -4*i - 2*s = -18, -i + 2*s = -4*i + 15. Suppose 5 = q + i. Let r(p) = 4*p + p**2 - 2*p**2 - p**3 + 5*p**q. Calculate r(5).
-5
Let y(r) = 5*r + 1. Let c(z) = 6*z + 1. Suppose 0 = -2*b - 5*s + 19, 0*b + b - 11 = -4*s. Let g(t) = b*y(t) - 6*c(t). What is g(1)?
0
Let y(j) = 9 + 19*j - 2 - 20*j. Calculate y(0).
7
Let i be (8/(-32))/((-1)/(-2))*-8. Let d(c) = -c**3 + 4*c**2 + c - 4. Determine d(i).
0
Let z(h) = -25*h**2 - 9*h + 13. Let g(d) = -6*d**2 - 2*d + 3. Let l(p) = -9*g(p) + 2*z(p). Suppose -2*t + 3 = -1. Suppose i = t*i + 1. Calculate l(i).
3
Let f(p) = -p - 7. Let m be f(-7). Let q(x) = -x**3 + x + 8. Give q(m).
8
Let r(g) = g**2 + 2*g - 5. Let l be (-1)/(-4) - (-74)/(-8). Let n = -13 - l. Give r(n).
3
Let a be 1/(-2) + 3/2. Let i = a - 1. Let w(q) = -5*q + 7*q - 6 - q**2 - 2*q + q. Determine w(i).
-6
Let w(t) = t**2 + 4*t - 5. Let y be w(-5). Suppose 3*l = -2*s - y*s + 6, 2*l = -4*s + 4. Let b(c) = c**3 + 2*c + l + 3*c**2 - 8*c**2 - 3*c. Calculate b(5).
-3
Let h be 10*(-1 - (-3)/2). Let c(k) = -k + 